- 7. Let m be w(-9). Suppose -26 = -2*y - m*y + 2*f, -2*f = y + 6. What are the prime factors of y?
2
Let w be (3/(-3))/(1/(-21)). Let u = 10 + w. List the prime factors of u.
31
Suppose -3*g = -5*u + 93 + 40, 2*g + 28 = u. What are the prime factors of u?
2, 13
Let g(j) be the third derivative of j**5/10 - j**4/12 - j**3/6 + j**2. List the prime factors of g(-1).
7
Let r = 8 + -8. Suppose 5*j - l = 10, -2*l = 3*j - 6 - r. List the prime factors of j.
2
Suppose 7*d - 40 = 2*d. Suppose 12*a - 19*a + 42 = 0. Suppose -v + a = -d. List the prime factors of v.
2, 7
Let y = 24 - -30. List the prime factors of y.
2, 3
Suppose 5*v + 4*h - 239 = 5*h, 0 = -2*v + 3*h + 93. What are the prime factors of v?
2, 3
Suppose 0 = m - 48 - 152. List the prime factors of m.
2, 5
List the prime factors of 76/(-6)*(-6)/4.
19
Let j(x) = 12*x. Let o(f) = f**2 + 8*f + 5. Let h be o(-7). Let y be 2/h*(-3 + 2). What are the prime factors of j(y)?
2, 3
Let s = -72 + 42. Let c = -17 - s. List the prime factors of c.
13
Let l(p) be the third derivative of -p**5/60 + p**4/6 - p**3/6 - p**2. What are the prime factors of l(3)?
2
Suppose 0 = 4*f + 11 + 25. Let z = -4 - f. What are the prime factors of z?
5
Let h(z) be the third derivative of z**4/24 + 11*z**3/6 + z**2. Suppose -2*p + 44 = -4*t, 5*t + p + 32 = t. What are the prime factors of h(t)?
2
Suppose w - 3*w - 62 = 4*r, -5*r = 3*w + 75. Suppose 2*c + 4*y + 52 = 0, -3*c - 117 = -4*y - 19. Let t = r - c. List the prime factors of t.
2, 3
Let w(r) be the second derivative of -r**3/2 - 7*r**2 + r. List the prime factors of w(-10).
2
Let w(z) = z**2 - 3*z - 2. Let j be w(4). Suppose r = 5, 2*r - 30 = -7*a + 3*a. Suppose -a*c + 28 = g, -3*g + c - j*c + 14 = 0. What are the prime factors of g?
3
Suppose 0 = 6*r - 1722 + 318. What are the prime factors of r?
2, 3, 13
Let t = 14 - 3. Let x be (5/15)/(2/18). Suppose p - t = -x. List the prime factors of p.
2
Suppose 2*b - 1 = 1. Let y(r) = -4*r**3 + 2*r**2 - 4*r - 2. Let w(g) = -8*g**3 + 3*g**2 - 7*g - 3. Let c(p) = -3*w(p) + 5*y(p). List the prime factors of c(b).
5
Suppose 4*g = -3*u + 157, 6*g - g = -4*u + 196. What are the prime factors of g?
2, 5
Let w = 257 + -159. List the prime factors of w.
2, 7
Let b be 189/12*48/18. Let o = b - 23. List the prime factors of o.
19
Suppose 22 = 3*a - 4*x, -x - 2*x = -2*a + 16. Suppose -4*i - 5*h + 37 = 0, -a*i - i + 25 = h. List the prime factors of i.
2
What are the prime factors of 141 + -19 + 0 + 1?
3, 41
Let i be 2/((-6)/3) + 0. What are the prime factors of i/((-1)/3) + 17?
2, 5
Suppose -y + 4*q - 10 = 0, 2*y = -q + 5*q - 16. Let v(f) = -f**2 - 8*f + 3. What are the prime factors of v(y)?
3, 5
Let v = 23 + -9. Suppose -4*w - 21 = -5*f + 5, -2*w - 14 = -3*f. Suppose -3*k + 3*o = -60, -3*k - 2*o + v = -f*k. What are the prime factors of k?
2, 3
Let k(q) = -q**2 - 17*q + 12. List the prime factors of k(-11).
2, 3, 13
Let d = -13 + 18. Suppose h - d*h = -64. Suppose 2*p + h = -0*x + 2*x, -2*x = 4*p - 40. What are the prime factors of x?
2, 3
Suppose -17 = 5*c + 13. Let b be 774/22 - c/(-33). Suppose 3*h = 7 + b. What are the prime factors of h?
2, 7
Let l = 53 - -3. What are the prime factors of l?
2, 7
Let m = -64 + 112. List the prime factors of m.
2, 3
Let q = -22 + 108. List the prime factors of q.
2, 43
List the prime factors of 45*9/(135/6).
2, 3
Let n be (-1)/(((-10)/(-36))/(-5)). What are the prime factors of n/4*(-2 + 4)?
3
Suppose 5*f - 270 = -0*f. Suppose -f + 4 = -5*l. List the prime factors of l.
2, 5
Let j = 14 + -6. Let f be 1 + j + (-1)/1. List the prime factors of f/(-28) + (-69)/(-21).
3
Suppose 0*l + 5*l = -10. Let f be -1 - ((l - -1) + 3). What are the prime factors of (f/9 + 0)*-15?
5
Let c be (-6)/(-9) + 104/24. Let v = 0 - 0. Suppose v = 2*i - c*i + 45. List the prime factors of i.
3, 5
Let c = 8 - 6. Suppose -5*y + 23 = 3*a, 3*y - 20 = -c*y. Let g(t) = 15*t + 1. List the prime factors of g(a).
2
Let p be -3 - 1 - -3 - -3. Suppose -g - p*g + 30 = 0. What are the prime factors of g?
2, 5
Let z be (-15)/(-12) - (-2)/(-8). Let p be (0 - z)/((-2)/6). Suppose -4*g - 5*j = -25, -g - g + 7 = -p*j. List the prime factors of g.
5
Suppose 0 = -4*b + 238 - 66. What are the prime factors of b?
43
Let q = 6 - -1. Suppose -q*s - 15 = -8*s. List the prime factors of s.
3, 5
Let s(z) = z**3 + z**2 - z + 8. Let x(d) = d**2 - 4*d. Let p be x(4). Let g be s(p). Suppose g - 19 = -k. List the prime factors of k.
11
Let y(z) = 51*z**3 + 1. Let s be y(1). List the prime factors of s/12 + 4/6.
5
Let h(p) = p**3 - 8*p**2 - 8*p + 1. Let r = 21 + -12. What are the prime factors of h(r)?
2, 5
Let f(i) be the third derivative of i**4/24 + i**3 + i**2. List the prime factors of f(7).
13
Suppose -2*w - 5*t - 12 = -0*w, 0 = -3*w - 3*t - 18. List the prime factors of (-6)/(-4) + (-39)/w.
2
Let t = -1 + 1. Suppose t*k + 2*k - 16 = 3*r, 5*k + 5*r = -10. Suppose k*d - 5 = d. List the prime factors of d.
5
Suppose -3*j = -5*h + 1872, 4*h - 856 - 642 = 2*j. What are the prime factors of h?
3, 5
Suppose -j - j + 20 = 2*i, 0 = 3*j. Suppose 2*q = 5*z - i, -2 = -z - 0*q + q. What are the prime factors of z?
2
Suppose -4*d = v - 20, -3*v + 5*d = 2*d - 45. Let n = 11 - v. What are the prime factors of ((-6)/4)/(n/10)?
3
Suppose 4*s = 16, -8 = p - s - 2*s. Suppose -3*g + 52 = p*t, -t - 2*g - 2 = -2*t. List the prime factors of t.
2, 5
Let y(j) = 19*j - 4. What are the prime factors of y(2)?
2, 17
Suppose 444 + 84 = 11*x. What are the prime factors of x?
2, 3
Suppose -x + 3*x = f - 67, -2*f = 3*x - 120. List the prime factors of f.
3, 7
Let v = 14 + -12. Suppose 2*p - 15 = -4*i + 31, 0 = v*i - p - 17. List the prime factors of i.
2, 5
Let z = 500 + -350. List the prime factors of z.
2, 3, 5
Suppose 3*h - 5*c = 160, 4*h + 5*c - 3*c = 170. Suppose -x - 4*x = -h. List the prime factors of x.
3
Suppose -5*d - 5*u - 5 = 5, -4*d + u = -17. What are the prime factors of (1/(-3))/(d/(-45))?
5
Let d(q) = 8*q + 13. List the prime factors of d(5).
53
Let t(f) = -f**2 - 14*f - 16. Let d be t(-11). Let m = d + -10. Suppose 4*z = -3*y + 25 + m, -2*z + 10 = 0. List the prime factors of y.
2
Suppose -r = -5*r + 56. Let v(x) = 3 + 2*x - 4 + 11 + r. What are the prime factors of v(0)?
2, 3
Suppose 0 = -c + 16 - 6. Suppose 0 = -4*l - 2 + c. Suppose 0 = -6*s + l*s + 32. What are the prime factors of s?
2
Let a(w) = -w**2 + w - 12. Let f be a(0). Let m be 2/f - (-111)/18. Let s = m + -3. List the prime factors of s.
3
Let u = 641 - 409. What are the prime factors of u?
2, 29
Suppose 2*p + 102 = 324. What are the prime factors of p?
3, 37
Let z(k) = k**2 - 6*k + 5. Let x = 58 - 35. Suppose x = 5*u + 3*s - 18, -2*u - 5*s = -24. What are the prime factors of z(u)?
2, 3
Let s(o) = o. Suppose 0*z - 12 = -4*z. List the prime factors of s(z).
3
Let h = -151 + 368. List the prime factors of h.
7, 31
Suppose -5*a + 240 = -4*m - m, 2*a = m + 98. Suppose -2*w + a = u, 3*w - u - 82 = -6*u. List the prime factors of w.
2, 3
Suppose 0 = -3*u - 7 - 8. Let a(q) = -q**3 - 4*q**2 + 5*q + 4. What are the prime factors of a(u)?
2
Suppose -5*u - 1 = 14. Let a(d) = 4*d**3 - 8*d**2 + 9*d - 6. Let t(i) = -i**3 + i**2 - i + 1. Let b(x) = -a(x) - 5*t(x). List the prime factors of b(u).
13
Let b(d) = 4*d**2 - d. Let t be b(-1). Let n(z) = 3 - z**3 - z + 0*z + 2*z + 5*z**2. List the prime factors of n(t).
2
Let g(l) = -6*l - 5. List the prime factors of g(-12).
67
Let f = -9 - -13. What are the prime factors of f?
2
Let u(s) be the first derivative of s**4/4 + 10*s**3/3 - 5*s**2 + 13*s + 3. List the prime factors of u(-11).
2
Suppose 0*m = 2*m - 4. Let j be 1 + 1 + 38/m. Let t = -12 + j. What are the prime factors of t?
3
Let u be -2*9*2/(-4). Suppose 0 = 4*o - p - 11, -6*p + 3*p = -4*o + u. List the prime factors of o.
3
Let g(r) = 3*r + 2. Suppose -3*m = 5*n - 30, -3*n - 2*m - m = -24. What are the prime factors of g(n)?
11
Let q = -7 + 10. Let h be -1 + q + (8 - 5). Suppose -5*o = 0, -h*b = o - 4*o - 70. What are the prime factors of b?
2, 7
What are the prime factors of 10*(-54)/(-4) - -1?
2, 17
Let r be 87/27 - 2/9. Suppose -2*i = 3*g + 30, -5*g + 50 = r*i - 8*i. Let l = 19 + i. What are the prime factors of l?
7
Let n(f) = -f**3 + 2*f**2 + 4*f - 1. Let i be n(3). Let l(r) = 4*r. Let y be l(i). Le